 3 - 33*o**2 - 30*o**2 + 5*o. Let a be y(4). Calculate the highest common divisor of a and p.
1
Suppose 17*o + 1395952 = 10*o + 93*o. Calculate the highest common divisor of 16 and o.
8
Let z be (33 + 1)*61/122. Suppose 0 = -u - z*u + 234. Calculate the highest common divisor of u and 1.
1
Let a(o) = -o + 20. Let b be a(17). Let g be (-18)/b*(-16)/(-4). Let l be (130/(-52))/(10/g). Calculate the highest common factor of l and 9.
3
Let j = -94 + 224. What is the greatest common divisor of j and 320?
10
Suppose 0 = -6*d + 128 + 58. Suppose d*g - 2784 = 15*g. Calculate the highest common factor of g and 6.
6
Let x = -35 - -33. Let q be -2 - x/(6/15). Suppose 3*g + 8*h = 3*h + 536, q*g + 2*h = 542. Calculate the greatest common divisor of g and 26.
26
Let x(g) = 5*g - 30. Let m = 64 + -22. Suppose -39*d - 30 = -m*d. Let a be x(d). Calculate the highest common divisor of a and 60.
20
Let d = 20609 + 18586. Calculate the highest common factor of 15 and d.
15
Suppose -3*y + 120 = 2*b, y - 54 = 7*b - 3*b. Let k be 350/6 + 15/9. Suppose -4*v + 24 = -k. What is the highest common factor of y and v?
21
Let o = -13448 - -24509. Calculate the highest common factor of 9 and o.
9
Let g = -184 - -162. Let d be 6 - 6*3*g/6. What is the highest common divisor of 90 and d?
18
Let b(l) = -18*l + 630. Let t be b(8). What is the highest common factor of 2250 and t?
18
Let z(x) = 1066*x - 1173. Let g be z(7). What is the greatest common factor of 19 and g?
19
Let p(a) = 135*a**2 - 754*a + 4548. Let y be p(6). Calculate the greatest common divisor of y and 462.
66
Let r be (182 - -28)/(3 + -2). Calculate the greatest common factor of r and 462.
42
Suppose -5*i = -3*z + 345, 5*z - 2*z - 2*i = 354. Calculate the highest common divisor of 410 and z.
10
Suppose 2*a + 12*a - 434 = 0. Suppose 238 - 1323 = -a*l. What is the greatest common divisor of l and 25?
5
Suppose -5*q - 4 = 11, -2*b + 4*q + 238 = 0. Let a = -48 + b. Calculate the highest common factor of 10 and a.
5
Suppose -24*k = -39*k - 4923 + 17208. Calculate the greatest common factor of k and 252.
63
Suppose 0 = -13*x + 327 + 297. Calculate the highest common divisor of 15696 and x.
48
Let l(r) = -28*r - 78. Let v be l(-3). Let t be v + (67 - -3) + -1. What is the greatest common factor of t and 375?
75
Let x = 17332 - 17236. Calculate the highest common factor of x and 2256.
48
Let w be (-84)/15*-1*5. Suppose 24*q = 26*q. Suppose d + 83 - 139 = q. What is the highest common divisor of d and w?
28
Let h(x) = -x**2 + 16*x - 26. Let q be h(11). Let d(r) = r**2 - 4*r - 3. Let n be d(-4). Calculate the highest common divisor of q and n.
29
Let c be (-1290)/(-25) + ((-24)/15 - -2). What is the highest common divisor of c and 91?
13
Suppose 3*h = -2*l + 2544, 3*l = -278*h + 283*h - 4240. Calculate the greatest common factor of h and 224.
16
Let a(k) = -1975*k + 8568. Let v be a(-12). What is the highest common factor of v and 24?
12
Let t(x) = -x**2 - 14*x - 1. Let b be t(-11). Suppose r + 16 = 4*s, -4*r = -7*r - 4*s + b. What is the highest common divisor of r and 20?
4
Suppose -27 - 108 = -27*p. Suppose -28 = -2*d + 4*k + 28, -p*d = -2*k - 100. Calculate the greatest common divisor of 2 and d.
2
Suppose -11280 - 39568 = 4*w. Let g be (-2)/(-7) - (-19)/((-1862)/w). Calculate the highest common divisor of 234 and g.
26
Let l(z) = -3*z**2 - 5*z + 781. Let u be l(15). Calculate the highest common divisor of u and 4867.
31
Let o(b) = -b - 10*b + 36 - b + 8*b. Let v(t) = -13*t**2 - t - 1. Let s be v(1). Let k be o(s). Calculate the greatest common divisor of k and 12.
12
Suppose 3*g + a = 1484, -4*g + 24*a + 1968 = 28*a. Calculate the greatest common factor of g and 176.
16
Suppose 0 = 27*k - 7811 - 27837 - 17218. Calculate the highest common factor of k and 22.
22
Let u be (-200)/15*(-792)/55. Calculate the greatest common divisor of 832 and u.
64
Let h(m) = -m**3 - 8*m**2 - 24*m - 150. Let z be h(-10). Let a = z - 270. What is the highest common factor of a and 180?
20
Let r(s) = -41*s**3 - 156*s**2 - 4*s + 15. Let p be r(-4). What is the greatest common factor of p and 848?
53
Let p = 960 - 552. What is the greatest common divisor of p and 9894?
102
Suppose 3*f = -3*m + 2630 - 839, 3*f - 2*m = 1796. What is the greatest common factor of 46 and f?
46
Suppose -2*w - 5*v = -227, 5*v = 5*w - 581 - 39. Suppose 4*q - 2*s = 186, -36 + 271 = 5*q - 3*s. What is the greatest common factor of q and w?
11
Let i(z) = 887*z**2 + 7*z + 11. Let m be i(-1). What is the highest common factor of m and 1155?
33
Suppose -32 = b - 165. Let a be (-9)/15 + (-196)/(-10). Let d = a - 0. Calculate the highest common divisor of b and d.
19
Let l be 1/(1 - 80/81). Suppose -10 = -4*j - 2*v, -5*j + 5 = 3*v - 8*v. Suppose j*m = 6*m - 36. What is the greatest common divisor of l and m?
9
Suppose -10*x - 22 = -21*x. Suppose x*y + 5*u - 89 = 0, u - 153 = -4*y - 4*u. Calculate the highest common factor of y and 368.
16
Let r be -416 + 4 + -6 + 4 + 1. Let f = r + 431. Suppose 2*a + 192 = 588. What is the highest common divisor of a and f?
18
Let n(g) = -161*g + 15. Let l be n(-1). Suppose 0 = -3*v - f + 135, f + 85 = v + v. What is the highest common factor of l and v?
44
Let h(x) = x**3 - 9*x**2 + 113*x - 38. Let v be h(12). What is the greatest common divisor of 14 and v?
14
Suppose 0 = 41*n - 44*n - 7110. Let x be 1/3 + n/(-18). Suppose -7*q + x = -36. Calculate the greatest common factor of q and 6.
6
Suppose 704*b = -5*q + 707*b + 158, -5*q + 2*b + 162 = 0. Calculate the greatest common factor of 2329 and q.
17
Let t be 1/2*(7 - 1). Suppose t*j + 111 = 5*g - 140, 4*j = -4*g + 220. Calculate the highest common factor of g and 4.
4
Suppose w + 100 = 3*g + 260, 3*g - 136 = -w. Let n = w - -24. Suppose n - 4 = 4*t. What is the greatest common factor of t and 56?
14
Suppose -61*w + 95722 = -37*w - 28838. Calculate the highest common divisor of w and 90.
30
Let z = 1174 - 1110. Calculate the highest common factor of 3 and z.
1
Let u(g) = -5*g - 72. Let n be u(-21). Let w(j) = 16*j - 144. Let d be w(20). Calculate the greatest common factor of n and d.
11
Let m(d) = -12*d - 399. Let n be m(-47). Suppose 21 = 2*o - 1. What is the greatest common divisor of n and o?
11
Suppose -3*q = 2*i - 1975 - 821, -q = 6. What is the highest common divisor of 536 and i?
67
Let s(h) = -h**3 - 4*h**2 + 32. Let r be s(0). Let g(j) = -j + 47. Let q be g(23). What is the greatest common divisor of r and q?
8
Let u(n) = 11*n - 8. Let w be u(8). Let m(i) = 30*i + 95. Let a be m(-3). Suppose -a = 9*h - 185. What is the greatest common factor of w and h?
20
Suppose 3*h = -4*d + 5125, 2*h = -187*d + 191*d + 3450. Calculate the greatest common divisor of h and 105.
35
Let v = -310 + -5. Let i = -306 - v. What is the greatest common divisor of 153 and i?
9
Suppose 0*t + 2*t - 192 = -4*c, 2*t = 0. What is the greatest common divisor of c and 1040?
16
Suppose -4*c - 345 = -5*f, -f + 104 = -3*c - 163. Let r be (-40 + c)*4/(-10). What is the greatest common divisor of r and 936?
52
Let v(n) = -440*n + 1050. Let l be v(2). Suppose 6*t - 120 = 2*t. Calculate the greatest common factor of t and l.
10
Suppose 4*v + 5*b - 1370 = 0, 0 = 4*v + 85*b - 84*b - 1362. Calculate the greatest common factor of 935 and v.
85
Let u = 1914 + -829. What is the greatest common divisor of 35 and u?
35
Let v = -1320 - -1313. Let k be 1/(-2 - (-25)/12). Let i = v + k. What is the greatest common divisor of i and 35?
5
Suppose -5*a - 2*h + 1146 = 0, 4*h + 63 = -4*a + 975. Let y = 258 - a. What is the greatest common factor of 98 and y?
14
Let h = 123 - 104. Suppose 0 = -7*a + h*a - 540. Suppose -15 = 2*l - 45. Calculate the highest common factor of a and l.
15
Suppose -21*p - 149 = -233. Let l(c) = -4 + c**2 + 4*c + 9*c + 15 - 35. Let f be l(-17). What is the greatest common factor of p and f?
4
Let a(c) = -c**2 - 15*c - 2. Let p be a(-13). Suppose p = 3*r - 60. What is the greatest common factor of 84 and r?
28
Let t(b) = -42*b - 23. Let q be t(3). Let j = -41 - q. Let k = -91 + j. Calculate the highest common factor of k and 68.
17
Let y(f) = -61*f + 22. Let w be y(-21). Let b = -820 + w. What is the highest common divisor of 138 and b?
69
Let p = -8288 - -8492. Calculate the highest common divisor of p